{"id":2927,"date":"2022-11-28T17:46:30","date_gmt":"2022-11-28T16:46:30","guid":{"rendered":"https:\/\/me-kosmetik.ch\/sandbox\/?post_type=product&#038;p=2927"},"modified":"2023-04-20T14:13:54","modified_gmt":"2023-04-20T12:13:54","slug":"gutschein-fuer-me-kosmetik-behandlung-300","status":"publish","type":"product","link":"https:\/\/me-kosmetik.ch\/sandbox\/gutschein\/gutschein-fuer-me-kosmetik-behandlung-300\/","title":{"rendered":"Gutschein f\u00fcr me-Kosmetik Behandlung"},"content":{"rendered":"","protected":false},"excerpt":{"rendered":"<p>Verw\u00f6hnen Sie Ihre Liebsten mit einem me-Kosmetik Geschenkgutschein f\u00fcr eine pers\u00f6nlich optimierte Behandlung Ihrer Wahl!<\/p>\n<ul>\n<li>Anti-Aging Gesichts\u00ad\u00ad\u00ad\u00adbehand\u00ad\u00adlungen,<\/li>\n<li>Massage,<\/li>\n<li>Waxing,<\/li>\n<li>Wimpern, oder<\/li>\n<li>Pedik\u00fcre<\/li>\n<\/ul>\n<p>Behandlungen werden ausf\u00fchrlich auf individuellen Bed\u00fcrfnisse abgestimmt und sorgen f\u00fcr eine einzigartige Beauty-Erfahrung und \u00fcberzeugende Ergebnisse!<\/p>\n","protected":false},"featured_media":2084,"template":"","meta":{"rank_math_lock_modified_date":false},"product_cat":[51],"product_tag":[],"class_list":{"0":"post-2927","1":"product","2":"type-product","3":"status-publish","4":"has-post-thumbnail","6":"product_cat-wps_wgm_giftcard","8":"first","9":"instock","10":"shipping-taxable","11":"purchasable","12":"product-type-pw-gift-card","13":"has-default-attributes"},"_links":{"self":[{"href":"https:\/\/me-kosmetik.ch\/sandbox\/wp-json\/wp\/v2\/product\/2927"}],"collection":[{"href":"https:\/\/me-kosmetik.ch\/sandbox\/wp-json\/wp\/v2\/product"}],"about":[{"href":"https:\/\/me-kosmetik.ch\/sandbox\/wp-json\/wp\/v2\/types\/product"}],"wp:featuredmedia":[{"embeddable":true,"href":"https:\/\/me-kosmetik.ch\/sandbox\/wp-json\/wp\/v2\/media\/2084"}],"wp:attachment":[{"href":"https:\/\/me-kosmetik.ch\/sandbox\/wp-json\/wp\/v2\/media?parent=2927"}],"wp:term":[{"taxonomy":"product_cat","embeddable":true,"href":"https:\/\/me-kosmetik.ch\/sandbox\/wp-json\/wp\/v2\/product_cat?post=2927"},{"taxonomy":"product_tag","embeddable":true,"href":"https:\/\/me-kosmetik.ch\/sandbox\/wp-json\/wp\/v2\/product_tag?post=2927"}],"curies":[{"name":"wp","href":"https:\/\/api.w.org\/{rel}","templated":true}]}}